{"id":1485,"date":"2020-12-19T19:02:17","date_gmt":"2020-12-19T19:02:17","guid":{"rendered":"http:\/\/nocturnas.org\/?page_id=1485"},"modified":"2021-01-03T16:44:18","modified_gmt":"2021-01-03T16:44:18","slug":"bitcoin","status":"publish","type":"page","link":"https:\/\/nocturnas.org\/index.php\/bitcoin\/","title":{"rendered":"bitcoin"},"content":{"rendered":"\n<div align=\"right\"><img loading=\"lazy\" src=\"https:\/\/nocturnas.org\/img\/bitcoinN.png\" width=\"75\" height=\"75\"><\/img><\/div><br>\n\n\n\n<p>El bitcoin est\u00e1 de moda. En los \u00faltimos d\u00edas ha alcanzado m\u00e1ximos hist\u00f3ricos y todo apunta a que esto es solo el principio. Quiz\u00e1 quieras probar como funciona esto del bitcoin, pero no quieres invertir dinero tradicional, lo cual es muy sensato. Por ello te indico como puedes ganar algunos bitcoin gratis, no te vas a hacer rico, pero si te puede servir para iniciarte en el mundo de las criptomonedas sin arriesgar nada.<\/p>\n\n\n\n<p>Entra en el siguiente enlace de freebitcoin y abre una cuenta para empezar a ganar:<\/p>\n\n\n\n<div align=\"center\"><a href=\"https:\/\/freebitco.in\/?r=39659684\"> <img loading=\"lazy\" src=\"https:\/\/static1.freebitco.in\/banners\/728x90-3.png\" alt=\"freebitcoin\" width=\"728\" height=\"90\"> <\/a><\/div><br>\n\n\n\n<p>Una vez creada la cuenta podemos autorizar a que el navegador nos avise cada hora seleccionando \u00abALLOW\u00bb aunque este paso no es necesario, s\u00f3lo que entonces tendr\u00e1s que estar pendiente de si ha pasado ya una hora para poder volver a ganar bitcoins.<\/p>\n\n\n\n<p><\/p>\n\n\n\n<div class=\"wp-block-columns\">\n<div class=\"wp-block-column\">\n<figure class=\"wp-block-image size-large\"><img src=\"https:\/\/nocturnas.org\/img\/bitcoin_hora.jpg\" alt=\"\"\/><\/figure>\n<\/div>\n\n\n\n<div class=\"wp-block-column\">\n<figure class=\"wp-block-image size-large\"><img src=\"https:\/\/nocturnas.org\/img\/bitcoin_roll.jpg\" alt=\"\"\/><\/figure>\n<\/div>\n\n\n\n<div class=\"wp-block-column\">\n<figure class=\"wp-block-image size-large\"><img src=\"https:\/\/nocturnas.org\/img\/bitcoin_win.jpg\" alt=\"\"\/><\/figure>\n<\/div>\n<\/div>\n\n\n\n<p>Despu\u00e9s, habr\u00e1 que seleccionar la casilla no soy un robot, resolver el CAPTCHA si es que lo pide, y pulsar el bot\u00f3n \u00abROLL\u00bb Con lo que se activa una ruleta que seg\u00fan el n\u00famero que salga obtienes m\u00e1s o menos bitcoins (siempre ganas algo)<\/p>\n\n\n\n<p>Ver\u00e1s reflejado tu nuevo saldo en la parte superior. Cuantas m\u00e1s veces le des al bot\u00f3n \u00abROLL\u00bb, m\u00e1s ganas, pero tampoco te vicies, que estas cosas son s\u00f3lo para hacer pruebas, a ver si no vas a dormir por darle m\u00e1s veces al bot\u00f3n.<\/p>\n\n\n\n<p><\/p>\n","protected":false},"excerpt":{"rendered":"<p>El bitcoin est\u00e1 de moda. En los \u00faltimos d\u00edas ha alcanzado m\u00e1ximos hist\u00f3ricos y todo apunta a que esto es solo el principio. Quiz\u00e1 quieras probar como funciona esto del bitcoin, pero no quieres invertir dinero tradicional, lo cual es muy sensato. Por ello te indico como puedes ganar algunos bitcoin gratis, no te vas &hellip;<\/p>\n<p class=\"read-more\"> <a class=\"\" href=\"https:\/\/nocturnas.org\/index.php\/bitcoin\/\"> <span class=\"screen-reader-text\">bitcoin<\/span> Leer m\u00e1s &raquo;<\/a><\/p>\n","protected":false},"author":1,"featured_media":0,"parent":0,"menu_order":0,"comment_status":"closed","ping_status":"closed","template":"","meta":{"_monsterinsights_skip_tracking":false,"_monsterinsights_sitenote_active":false,"_monsterinsights_sitenote_note":"","_monsterinsights_sitenote_category":0},"_links":{"self":[{"href":"https:\/\/nocturnas.org\/index.php\/wp-json\/wp\/v2\/pages\/1485"}],"collection":[{"href":"https:\/\/nocturnas.org\/index.php\/wp-json\/wp\/v2\/pages"}],"about":[{"href":"https:\/\/nocturnas.org\/index.php\/wp-json\/wp\/v2\/types\/page"}],"author":[{"embeddable":true,"href":"https:\/\/nocturnas.org\/index.php\/wp-json\/wp\/v2\/users\/1"}],"replies":[{"embeddable":true,"href":"https:\/\/nocturnas.org\/index.php\/wp-json\/wp\/v2\/comments?post=1485"}],"version-history":[{"count":19,"href":"https:\/\/nocturnas.org\/index.php\/wp-json\/wp\/v2\/pages\/1485\/revisions"}],"predecessor-version":[{"id":1634,"href":"https:\/\/nocturnas.org\/index.php\/wp-json\/wp\/v2\/pages\/1485\/revisions\/1634"}],"wp:attachment":[{"href":"https:\/\/nocturnas.org\/index.php\/wp-json\/wp\/v2\/media?parent=1485"}],"curies":[{"name":"wp","href":"https:\/\/api.w.org\/{rel}","templated":true}]}}